{"id":1381,"date":"2024-09-26T08:57:47","date_gmt":"2024-09-26T08:57:47","guid":{"rendered":"https:\/\/mgmodas.com\/?page_id=1381"},"modified":"2024-09-26T08:57:48","modified_gmt":"2024-09-26T08:57:48","slug":"terminos-y-condiciones-de-compra","status":"publish","type":"page","link":"https:\/\/mgmodas.com\/index.php\/terminos-y-condiciones-de-compra\/","title":{"rendered":"T\u00e9rminos y condiciones de compra"},"content":{"rendered":"<p>Cuando realizas un pedido de productos de MG MODAS el contrato se celebra entre el \u201cCliente\u201d y Marina Godino Candon, con NIF15433020c, y domicilio en c\/Alta 118, 19480, Gaucin, M\u00e1laga<\/p><p>Debes tener en cuenta que:<\/p><p>Para poder comprar en MG MODAS debes ser mayor de edad.<\/p><p>Todas las compras que se haga usando las claves de acceso a tu cuenta por titular de la cuenta, por lo que debes asegurarte de tener tus claves de acceso protegidas.<\/p><p>Cada cliente tiene derecho a mantener una \u00fanica cuenta de cliente en  MG MODAS al mismo tiempo. Nos reservamos el derecho de eliminar registros m\u00faltiples.<\/p><p>Todos los pedidos est\u00e1n sujetos a la disponibilidad de los productos.<\/p><p>Si se produjeran dificultades en cuanto al suministro de productos o si no quedan art\u00edculos en stock, le reembolsaremos cualquier cantidad que pudieras haber abonado.<\/p><h3 class=\"wp-block-heading\">PRECIOS, FACTURACI\u00d3N E IMPUESTOS<\/h3><p><strong>PRECIOS<\/strong><\/p><p>Los precios de los productos son los indicados en la descripci\u00f3n del producto.<\/p><p>Ser\u00e1n aplicables los precios establecidos en los productos en la fecha en la que se realiza el pedido.<\/p><p>Los precios establecidos son los precios finales (total), es decir, incluyen el impuesto sobre el valor a\u00f1adido en Espa\u00f1a al tipo impositivo legal aplicable.<\/p><p>Hasta que se realice el pago total del precio de compra, el producto seguir\u00e1 siendo de nuestra propiedad o, en su caso, propiedad del colaborador de MG MODAS  correspondiente.<\/p><h3 class=\"wp-block-heading\">IMPUESTO SOBRE EL VALOR A\u00d1ADIDO<\/h3><p>De conformidad con lo dispuesto en la Ley del IVA, la entrega de los art\u00edculos se entender\u00e1 localizada en el territorio de aplicaci\u00f3n del IVA espa\u00f1ol si la direcci\u00f3n de entrega est\u00e1 en territorio espa\u00f1ol salvo Canarias, Ceuta y Melilla.<\/p><p>El tipo de IVA aplicable ser\u00e1 el legalmente vigente en cada momento en funci\u00f3n del art\u00edculo concreto de que se trate.<\/p><p>En los pedidos con destino a Canarias, Ceuta y Melilla, las entregas se encontrar\u00e1n exentas de IVA, sin perjuicio de la aplicaci\u00f3n de los impuestos y aranceles correspondientes conforme a la normativa vigente en cada uno de estos territorios.<\/p><h3 class=\"wp-block-heading\">FACTURACI\u00d3N<\/h3><p>Nos autorizas expresamente a emitirla factura en soporte electr\u00f3nico, si bien podr\u00e1 indicarnos en cualquier momento su voluntad de recibir una factura en soporte papel, en cuyo caso, emitiremos y remitiremos la factura en dicho formato.<\/p><h3 class=\"wp-block-heading\">PROCESO DE COMPRA<\/h3><p>Al pinchar en \u201cComprar\u201d est\u00e1s realizando un pedido vinculante de los art\u00edculos que aparecen en tu cesta, una vez realices el pago y recibas nuestra confirmaci\u00f3n el contrato ser\u00e1 vinculante.<\/p><h3 class=\"wp-block-heading\">ENTREGA DEL PRODUCTO<\/h3><p><strong>Plazo de entrega<\/strong><\/p><p>El plazo de entrega de los pedidos es de 24-72 horas a trav\u00e9s de la empresa\u00a0<strong>MRW<\/strong>\u00a0laborables desde que el pedido sale de tienda (\u00fanicamente para env\u00edos peninsulares; quedan excluidos Baleares, Canarias, Ceuta y Melilla).<\/p><p>Si por alg\u00fan motivo el pedido se tuviera que retrasar nos pondremos en contacto contigo para comunic\u00e1rtelo.<\/p><p>Una vez realizado el pedido, no est\u00e1 permitido realizar ning\u00fan cambio en la direcci\u00f3n de env\u00edo, salvo que el cliente corra con los gastos y sea expresamente aceptado por las partes.<\/p><h3 class=\"wp-block-heading\">Entrega a domicilio<\/h3><p>Tras un primer intento de entrega, el transportista te dejar\u00e1 un aviso o te llamar\u00e1 por tel\u00e9fono, luego en un segundo intento se intentar\u00e1 entregar el paquete nuevamente, si en este segundo intento no es posible entregar el paquete se dejar\u00e1 en la oficina MRW m\u00e1s cercana.<\/p><p>Si no recoge su pedido en la oficina, tu pedido viene autom\u00e1ticamente de vuelta a nuestros almacenes, nos pondremos en contacto contigo para darte la posibilidad de enviar nuevamente el paquete pagando de nuevo los gastos ocasionados.<\/p><p>Si transcurrido un plazo de 5 d\u00edas laborables desde la confirmaci\u00f3n de tu pedido no lo has recibido, ponte en contacto con nosotros a trav\u00e9s del Whatsapp +34 622507164<\/p><h3 class=\"wp-block-heading\">Recogida en tienda<\/h3><p>Puedes recoger tu pedido sin coste alguno en nuestra tienda de la c\/Alta 118, 19480, Gaucin, M\u00e1laga<\/p><p>El horario de recogida es de lunes a viernes con horario de 10:00 a 14:00 h y de 17:30 a 20:30 h y s\u00e1bados de 10:00 a 14:00<\/p><p>Lleva contigo el correo de confirmaci\u00f3n de tu pedido y pregunta a cualquiera de nuestras dependientas.<\/p><p>Dispones de 15 d\u00edas laborables para recoger tu paquete una vez hayamos verificado el pago.<\/p><h3 class=\"wp-block-heading\">GASTOS<\/h3><p><strong>Gastos de env\u00edo<\/strong><\/p><p>Los gastos de env\u00edo no se encuentran incluidos en el precio de los art\u00edculos. Estos aparecer\u00e1n desglosados en el resumen de tu compra. Los gastos se calcular\u00e1n dependiendo del destino y por tanto ser\u00e1n:<\/p><p>Espa\u00f1a pen\u00ednsula:4.5\u20ac<\/p><p>Utilizamos Shopify Pagos para gestionar los pagos, puedes consultar su pol\u00edtica de privacidad<\/p><h3 class=\"wp-block-heading\">Gastos de Aduana<\/h3><p>Podemos realizar env\u00edos fuera a pa\u00edses fuera de la Uni\u00f3n Europea, sin embargo, MG MODAS no se har\u00e1 responsable los gastos de ADUANA, teni\u00e9ndose que hacer cargo el cliente. Si quieres realizar tu pedido fuera de Espa\u00f1a ponte en contacto con nosotros directamente<\/p><h3 class=\"wp-block-heading\">MEDIOS DE PAGO<\/h3><p>En MG MODAS puedes utilizar las siguientes formas de pago:<\/p><p>El pago con tarjeta de cr\u00e9dito te garantiza una forma de pago simple y segura.<\/p><p>Aceptamos el pago v\u00eda MasterCard, Visa y American express y Bizum<\/p><p>El pago se realiza directamente desde la web por lo que no vas a ser transferido a ninguna pasarela de pago. Debes saber que si guardas los datos de tu tarjeta para sucesivas comprar los datos se guardar\u00e1n en los servidores de Shopify Pagos.<\/p><h3 class=\"wp-block-heading\">POL\u00cdTICA DE DEVOLUCIONES<\/h3><p><strong>Derecho legal de desistimiento<\/strong><\/p><p>Cuando compres productos de MG MODAS, dispones de un derecho legal de desistimiento. Este derecho te permite desistir de tu compra sin necesidad de justificaci\u00f3n alguna en un plazo de 15 d\u00edas siguientes a la recepci\u00f3n del producto.<\/p><p>En el caso de que no sean aptos para ser devueltos por razones de protecci\u00f3n de la salud o de higiene y que hayan sido desprecintados tras la entrega.<\/p><p>Para ejercer el derecho de desistimiento, deber\u00e1s notific\u00e1rnoslo\u00a0Whatsapp a\u00a0 +34 622507164\u00a0la decisi\u00f3n de desistir del contrato.<\/p><p>Al mensaje debes adjuntar un archivo en el que se incluya la siguiente informaci\u00f3n:<\/p><p>A la atenci\u00f3n de MG MODAS<\/p><p>Por la presente le comunico &nbsp;que desisto del contrato de compraventa del siguiente producto:<\/p><p>\u2014 n\u00ba de pedido<\/p><p>\u2014 nombre del&nbsp;cliente<\/p><p>\u2014 Direcci\u00f3n del&nbsp;cliente<\/p><p>\u2014 Fecha<\/p><p>\u2014 Firma<\/p><h3 class=\"wp-block-heading\">Cancelaci\u00f3n y modificaci\u00f3n de pedidos<\/h3><p>Si deseas cancelar o modificar un pedido ponte en contacto con nosotros lo antes posible si necesita modificar o cancelar su pedido. Enviando una Whatsapp al n\u00famero +34 622507164<\/p><p>Aseg\u00farate de proporcionar tu n\u00famero de pedido e indica en su caso la modificaci\u00f3n que deseas realizar y te confirmaremos una vez que se haya realizado la modificaci\u00f3n.<\/p><p>Ten en cuenta que cualquier pedido que ya haya sido enviado no puede modificarse ni cancelarse.<\/p><h3 class=\"wp-block-heading\">Devoluci\u00f3n de pedidos<\/h3><p>Para devolver un producto debes seguir los siguientes pasos:<\/p><p>Enviar un Whatsapp al n\u00famero\u00a0+34 622507164<\/p><p>Debes indicar el n\u00famero de pedido, as\u00ed como el motivo de su devoluci\u00f3n. Si est\u00e1s ejerciendo el derecho de desistimiento basta con que indiques \u201cdesistimiento\u201d.<\/p><p>Una vez recibido nuestro equipo de servicio al cliente revisar\u00e1 la solicitud de devoluci\u00f3n y enviar\u00e1 m\u00e1s instrucciones si se aprueba la devoluci\u00f3n.<\/p><p>Para devolver el producto:<\/p><p>El mensajero acudir\u00e1 a tu domicilio para recoger el paquete a devolver<\/p><p>El env\u00edo de las devoluciones siempre corre a cargo del cliente salvo error de la empresa.<\/p><p>Una vez que recibamos su env\u00edo y comprobemos que todo est\u00e9 correcto procederemos&nbsp;al cambio de sus art\u00edculos por otros art\u00edculos o un vale a favor del cliente para gastar en tienda.<\/p><p>Productos defectuosos: el reembolso ser\u00e1 completo<\/p><p>Art\u00edculos no defectuosos: el reembolso excluye todos los gastos de env\u00edo y retirada.<\/p><p>Los gastos de transporte (tanto env\u00edo como devoluci\u00f3n) ser\u00e1n devueltos \u00fanicamente cuando MG MODAS sea responsable de la causa de la devoluci\u00f3n del producto (env\u00edo del producto equivocado, producto en mal estado, etc.)<\/p><p>S\u00f3lo ser\u00e1n aceptadas las devoluciones que entren dentro de un plazo de 15 d\u00edas h\u00e1biles desde la recepci\u00f3n de su pedido.<\/p><h3 class=\"wp-block-heading\">Proceso de reembolso<\/h3><p>Todos los reembolsos se acreditar\u00e1n a su forma de pago original.<\/p><p>Si pagaste con tarjeta de cr\u00e9dito o d\u00e9bito, los reembolsos se enviar\u00e1n al banco emisor de la tarjeta dentro de los&nbsp;5 d\u00edas h\u00e1biles posteriores a la recepci\u00f3n de la solicitud de cancelaci\u00f3n.<\/p><p>Ten en cuenta que puede pasar alg\u00fan tiempo antes de que el reembolso se publique en su cuenta, comun\u00edcate con el banco emisor de la tarjeta si tiene preguntas sobre cu\u00e1ndo se registrar\u00e1 el cr\u00e9dito en su cuenta.<\/p><h3 class=\"wp-block-heading\">Da\u00f1os en la mercanc\u00eda<\/h3><p>Si la mercanc\u00eda est\u00e1 da\u00f1ada, ponte en contacto con nuestro equipo de atenci\u00f3n al cliente\u00a0al n\u00famero\u00a0+34 622507164 \u00a0para comenzar el proceso de devoluci\u00f3n. Debe incluir la siguiente informaci\u00f3n:<\/p><p><strong>N\u00famero de orden<\/strong><\/p><p>Comprobante de compra<\/p><p>Video o foto del producto defectuoso (si corresponde)<\/p><p>Direcci\u00f3n de entrega completa<\/p><p>N\u00famero telef\u00f3nico de contacto. En algunos casos, es posible que deba incluir un video o una foto del producto defectuoso como prueba para reembolsar o reemplazar el producto.<\/p><h3 class=\"wp-block-heading\">&nbsp;ATENCI\u00d3N AL CLIENTE: RECLAMACIONES Y RESOLUCI\u00d3N DE CONFLICTOS<\/h3><p>Si deseas presentar una reclamaci\u00f3n puedes solicita una\u00a0reclamaci\u00f3n puedes enviarnos un correo a <a href=\"mailto:info@matizmoda.es\">magocan34@hotmail.com<\/a>, adjunta los siguientes datos.<\/p><p>nombre y apellidos\/nombre de usuario<\/p><p>domicilio<\/p><p>fecha de adquisici\u00f3n<\/p><p>el servicio y\/o producto adquirido<\/p><p>los motivos de tu reclamaci\u00f3n<\/p><p>Igualmente te informamos que en caso de conflicto para presentar &nbsp;tus reclamaciones puedes utilizar tambi\u00e9n la plataforma de resoluci\u00f3n de litigios que facilita la Comisi\u00f3n Europea y que se encuentra disponible en el siguiente enlace: https:\/\/ec.europa.eu\/consumers\/odr<\/p>","protected":false},"excerpt":{"rendered":"<p>Cuando realizas un pedido de productos de MG MODAS el contrato se celebra entre el \u201cCliente\u201d y Marina Godino Candon, con NIF15433020c, y domicilio en c\/Alta 118, 19480, Gaucin, M\u00e1laga&hellip;<\/p>\n","protected":false},"author":1,"featured_media":0,"parent":0,"menu_order":0,"comment_status":"closed","ping_status":"closed","template":"","meta":{"footnotes":""},"class_list":["post-1381","page","type-page","status-publish","hentry"],"jetpack_sharing_enabled":true,"_links":{"self":[{"href":"https:\/\/mgmodas.com\/index.php\/wp-json\/wp\/v2\/pages\/1381","targetHints":{"allow":["GET"]}}],"collection":[{"href":"https:\/\/mgmodas.com\/index.php\/wp-json\/wp\/v2\/pages"}],"about":[{"href":"https:\/\/mgmodas.com\/index.php\/wp-json\/wp\/v2\/types\/page"}],"author":[{"embeddable":true,"href":"https:\/\/mgmodas.com\/index.php\/wp-json\/wp\/v2\/users\/1"}],"replies":[{"embeddable":true,"href":"https:\/\/mgmodas.com\/index.php\/wp-json\/wp\/v2\/comments?post=1381"}],"version-history":[{"count":1,"href":"https:\/\/mgmodas.com\/index.php\/wp-json\/wp\/v2\/pages\/1381\/revisions"}],"predecessor-version":[{"id":1382,"href":"https:\/\/mgmodas.com\/index.php\/wp-json\/wp\/v2\/pages\/1381\/revisions\/1382"}],"wp:attachment":[{"href":"https:\/\/mgmodas.com\/index.php\/wp-json\/wp\/v2\/media?parent=1381"}],"curies":[{"name":"wp","href":"https:\/\/api.w.org\/{rel}","templated":true}]}}